e prime factors of f?
5
Let m be 2 + -2 + 3 - 16. Let t = m + 23. What are the prime factors of t?
2, 5
Let k(p) = -p**2 + 23*p - 13. What are the prime factors of k(13)?
3, 13
Let o(n) = 5*n**2 + 9*n - 10. List the prime factors of o(-5).
2, 5, 7
Let v be 39/6 + (-6)/4. Suppose 2*i - 5*t = 21, -i = -4*i + v*t + 29. What are the prime factors of i?
2
Let u be (1 - -12)/(0 - 1). Suppose -7 = 2*r - m + 12, 0 = -3*r - 4*m - 23. Let c = r - u. What are the prime factors of c?
2
Suppose 0 = 2*f - 5*r - 275, 4*f + r - 120 = 3*f. List the prime factors of f.
5
Let n be (-1)/1 - 12/(-1). Suppose 7*t - 4*m - 36 = 2*t, t - 2*m - 12 = 0. Suppose -2*a = -t*j + 12, -2*a - 2 + n = 3*j. List the prime factors of j.
3
Let a(d) = -d**3 + 8*d**2 - 8*d + 10. What are the prime factors of a(6)?
2, 17
Let v(h) = -h**2 + 5*h + 4. Let s be v(6). List the prime factors of 19 - (s + 1 - -1).
19
Let k be (-4)/5*(1 + 9). List the prime factors of (38/k)/((-3)/24).
2, 19
Let n = 68 - 32. What are the prime factors of n?
2, 3
Let t be 3*(-2 + 3) - -2. Let f = t - -1. What are the prime factors of f?
2, 3
Let c be -5*4*(-5)/10. Suppose 0 = -3*d - 5*a - 61, 2*a = -0*a - c. Let k = -4 - d. What are the prime factors of k?
2
Suppose -4*a = -3*v - 2*v + 735, -147 = -v + 2*a. What are the prime factors of v?
3, 7
List the prime factors of (-1)/6 - (-1675)/6.
3, 31
List the prime factors of (-2 + 4 + -1)*35.
5, 7
Let t = 9 - -9. What are the prime factors of t?
2, 3
Let j = -9 + 4. What are the prime factors of 1 + 1 + (19 - j)?
2, 13
Let d = 5 - 7. What are the prime factors of (d/(-3))/(28/1554)?
37
Let s = 3 - 10. Let z be (-1 - 0 - s) + 3. Suppose q + z = 25. List the prime factors of q.
2
Suppose 0*t + 9 = -3*t, 2*t + 8 = -2*u. Let g(w) = w - 1. Let p be g(u). What are the prime factors of p + (3 - (-21)/3)?
2
Suppose 11*l = 12*l - 160. List the prime factors of l.
2, 5
Let l be (-2)/(-5) - 92/(-20). Suppose -132 = i - l*i. Suppose -2*k = -i + 9. List the prime factors of k.
2, 3
Suppose -3*h - h + 8 = 0. Let a(u) = -8*u**2 + u. Let o(l) = 7*l**2 - l. Let i(g) = 4*a(g) + 5*o(g). List the prime factors of i(h).
2, 5
Suppose 4*b + t - 97 = 0, 3*b - 65 = b + 5*t. Let f = b + 2. What are the prime factors of f?
3
Let z(u) = u - 4. Let x be z(6). Suppose -5*f - 3*o = 2*o - 55, 0 = 4*f - x*o - 14. List the prime factors of f.
2, 3
Let d = 12 - -59. List the prime factors of d.
71
Let s be (-3 + 2)/(1/(-16)). Suppose -v = -5*b - s, -4*v + 5*b + 26 = -23. List the prime factors of v.
11
Suppose -s - 5 + 4 = 0. Let l = 4 + s. Suppose -2*t - f + 17 = 0, 0*t - l*f = -5*t + 70. List the prime factors of t.
11
Let h = 43 + 37. What are the prime factors of h?
2, 5
Let w be 2/(2 + 8/(-6)). Let z(t) = 7*t**2 - 3*t**2 + 6 - w*t**2 + t. What are the prime factors of z(0)?
2, 3
Let x = 1 + 3. Suppose -x*h + 90 = 4*b - 6*h, -3*h + 15 = 0. List the prime factors of b.
5
Suppose -4*k = -4*w - 4, 0*k - 2*k + 5*w = 1. Suppose -129 = 6*z - z - 2*s, k*s - 4 = 0. Let y = z - -42. What are the prime factors of y?
17
Let g = 8 + -3. Suppose 4*s + 0*h - 3*h = -15, -g*s - 12 = 3*h. What are the prime factors of 51/9 + 2/s?
5
Let v = -34 - -79. List the prime factors of v.
3, 5
Suppose -3*x + 6 = -0*x. Let c be (-4)/(-10) - x/5. What are the prime factors of 6/(-8)*(c + -4)?
3
Let o = 5 - 3. Suppose -5*k + 3 = -n - 4, 8 = k + o*n. List the prime factors of k.
2
Let v(q) = q**3 - 4*q**2 - 2*q. Let n be v(6). Suppose -2*o = 5*p - 42, 5*o + 4*p - 11 = n. What are the prime factors of o?
11
Let o(b) = 25*b**2 - 3*b + 4. What are the prime factors of o(-3)?
2, 7, 17
Let q(u) = 1. Let c(r) = 5*r - 11. Let z(i) = c(i) + 4*q(i). Let x be z(5). Suppose 2*w - 5*w + x = -2*t, -3*w + 36 = 4*t. List the prime factors of w.
2
List the prime factors of (182/(-35))/((-2)/5).
13
Let r = 0 + 3. Suppose 2*j = r - 19. Let m = 20 + j. What are the prime factors of m?
2, 3
Let o = -27 + 34. List the prime factors of o.
7
Let i = -23 - -26. Suppose 2*m + 45 = 5*f, 2*f - 2*m + m - 19 = 0. List the prime factors of f - 1*3/i.
2, 3
Suppose -v + 4*x - 5 = -0*v, -10 = -2*x. List the prime factors of v.
3, 5
Suppose 0*i - 2 = -5*z - 2*i, -5*i - 12 = 4*z. Suppose z*m - 26 = -0*m. List the prime factors of m.
13
Suppose 4*o - 142 = -v, 3*o - 4*v = 20 + 77. Let r = 67 - o. Suppose -5*a = -3*a - r. What are the prime factors of a?
2
Let b(l) = 3*l**2 + l + 2. Let h = 9 - 8. Let g be (h + -2)*(1 - -1). List the prime factors of b(g).
2, 3
Let z = 0 + 0. Suppose -17 = 5*q - x - 59, -5*x = 2*q - 6. Let l = q - z. List the prime factors of l.
2
Suppose 3*l = -0*l + 66. Suppose 0 = -4*d + l + 34. Let f = -2 + d. What are the prime factors of f?
2, 3
Suppose 3*l = -l + 12. Suppose v - l = -0, 0 = 4*n - 3*v - 7. What are the prime factors of n?
2
Let z(c) = 17*c**2 + 2*c + 1. Let s be z(-3). Let n = s + -104. Suppose n - 14 = 5*h. List the prime factors of h.
2, 3
List the prime factors of (-12)/(-18) - (-2 + 705/(-9)).
3
Let o = 35 + 8. Suppose -5*r + 32 = 5*l - o, -r + 17 = -l. What are the prime factors of r?
2
Let r = -12 - -26. Suppose t - 10 - r = 0. What are the prime factors of t?
2, 3
Suppose -4*q + 0*t - 4*t = -8, -20 = 5*t. Let i = -2 + q. Suppose 0 = 5*b - v - 59, -v - 31 = -3*b + i*v. List the prime factors of b.
2, 3
Let q(r) = 0*r + 7*r**2 + 0*r**3 - 3*r + 1 - r**3. What are the prime factors of q(6)?
19
Suppose -70 - 7 = -x - 5*z, -2*x - 4*z + 130 = 0. List the prime factors of x.
3, 19
Let s(l) = 2*l**3 - 2*l**2 - 6*l + 1. What are the prime factors of s(4)?
73
Let w(r) = 3*r**2 + r + 1. Let o be w(-1). List the prime factors of (-123)/(-9) + (-2)/o.
13
Let h = 5 + -3. Suppose 5*k = -i - 20, -h*i + 4 = -4*i - k. Suppose i*b + 4 = b. List the prime factors of b.
2
Suppose 0 = -2*a + 8 - 2. Let u be (-2)/(-7) + 88/(-14). List the prime factors of 2*(-3)/u*a.
3
Suppose -5*r + 63 = -112. Suppose -2*o + r - 3 = 0. List the prime factors of o.
2
Suppose 10*b = 18*b - 384. List the prime factors of b.
2, 3
Let q(c) be the first derivative of -c**4/4 - 4*c**3/3 + 7*c**2/2 - 7*c + 8. What are the prime factors of q(-6)?
23
Suppose -24 = 5*s - 9, 2*d - 2*s = 14. Suppose 4*f + 124 = 3*b, -d*b + 2*f + 128 = -b. What are the prime factors of b?
2, 11
Let f(b) = -b**3 - b**2 + b + 34. Let v = 13 - 13. What are the prime factors of f(v)?
2, 17
Let d(s) = 48*s. Suppose 4 - 1 = 3*a. Let z be d(a). Let q = 71 - z. What are the prime factors of q?
23
Let a = 0 - 2. Let l be a/(-8) - (-1)/(-4). Suppose -2*k + l*c + 18 = -c, -c + 48 = 4*k. What are the prime factors of k?
11
Let l = -3 + 12. Let j = 12 + l. What are the prime factors of j?
3, 7
Suppose 7 = -4*f - u - 2*u, -f = 2*u + 8. Suppose 68 = -f*c + 6*c. What are the prime factors of c?
17
Let x = -73 + 43. List the prime factors of (-5)/(-2)*(-348)/x.
29
Suppose 0 = k, -4*n + 4*k = -0*n - 12. Let f be (n - -20) + (0 - 1). Suppose 3*q - f = 8. List the prime factors of q.
2, 5
Suppose -4*q = -3*q - 41. What are the prime factors of q?
41
Let f(a) = -a - 2. Let b be f(-2). Suppose -2*o + 6*o - 24 = b. What are the prime factors of o?
2, 3
Suppose -o + 26 - 176 = 0. List the prime factors of (-12)/18*o/4.
5
Suppose 0 = 5*i - 0 + 15. Let c be i*2*4/(-6). Suppose h - 15 = c*t, 0*h + 5*t + 38 = 4*h. List the prime factors of h.
7
Let u = 7 - 1. Suppose u*n = n + 35. List the prime factors of n.
7
Suppose 5*c = -0*c - 280. Let z = -33 - c. List the prime factors of z.
23
Let a = 115 - 49. List the prime factors of a.
2, 3, 11
Let u = 2 - -10. List the prime factors of u.
2, 3
Let d = -117 + 173. What are the prime factors of d?
2, 7
Suppose 0*a - 4 = -a. Suppose 2*d - 19 = -3*z, 3*z - 2 = a*d + z. List the prime factors of d.
2
Let g(i) = 33*i**3 + i**2 - i. List the prime factors of g(1).
3, 11
Let i(f) = 9*f - 1. Suppose -z + 1 = -1. List the prime factors of i(z).
17
Suppose 540 = -12*x + 30*x. What are the prime factors of x?
2, 3, 5
Let p = -21 - -137. What are the prime factors of p?
2, 29
Let p(w) = 3*w - 3. Let i be p(2). Suppose i*b = l + 17, 3*b - l = -b + 21. What are the prime factors of b?
2
Suppose 9*j - 4*j - 1005 = 0. What are the prime factors of j?
3, 67
Let v(j) = j**3 + 6*j**2 + 2*j + 3. List the prime factors of v(-4).
3
Let p(b) = 6*b**2 - 6*b - 16. What are the prime fa